d by 8.
7
Suppose -4*w + 0*w = 0. Suppose 3*c + w*o - 78 = -3*o, 4*o + 70 = 2*c. What is the remainder when c is divided by -5*(-3 - -2 - 2)?
14
Let t be 0/(2 + 0) + 7. Calculate the remainder when 739/t + 9/21 is divided by 27.
25
What is the remainder when 1/(7/4) - (-143)/7 is divided by 14?
7
Suppose 2*y = 4*y - 12. What is the remainder when (1 + 3)*68/16 is divided by y?
5
Let s(k) = k**3 + 3*k**2 - 7*k - 5. Let n be (-1 - 7/(-3))*-3. Suppose -4*v + 9*v - 101 = 2*d, -5*d + 4 = v. What is the remainder when v is divided by s(n)?
5
Let x be (-10)/3*(-5 + 8). Let m(r) = r**2 + 9*r - 1. What is the remainder when 23 is divided by m(x)?
5
Calculate the remainder when 744/56 - (-4)/(-14) is divided by 4.
1
Let f = 470 - 232. Calculate the remainder when f is divided by 40.
38
Suppose -73*j - 93 = -76*j. What is the remainder when j is divided by 21?
10
Let q(g) = -8*g**2 + 2*g + 1. Let k(i) = -7*i**2 + 2*i + 1. Let r(h) = -4*k(h) + 3*q(h). Calculate the remainder when 20 is divided by r(2).
9
What is the remainder when 60 is divided by 7*((-3)/(-3) + 2)?
18
Suppose 148 = -4*j + 8*j. What is the remainder when j is divided by 20?
17
Suppose 2*z - 10 = -g + 9, -3*z = -5*g + 56. Let j = 26 - g. What is the remainder when 25 is divided by j?
12
Let h = -101 - -109. Calculate the remainder when 119 is divided by h.
7
Calculate the remainder when 26/(-3)*(-36)/6 is divided by 18.
16
Let s(t) = -t**2 - 2*t + 5. Let q be s(-5). Let j = -2 - q. Suppose 3*l + 101 = 4*g, 0 = -5*g + 4*g + 2*l + 29. Calculate the remainder when g is divided by j.
7
Suppose s + 10 = 5*o, 4*s - 6 = -4*o + 2. Suppose 4*q = p + p + 30, -20 = o*p + q. Let b = p + 18. Calculate the remainder when 12 is divided by b.
5
Suppose 3*f = -2*f + 120. What is the remainder when f is divided by 15 + (-1)/(3/6)?
11
Let j(o) = 9*o - 3. Let t be j(9). Let s(g) = 2*g**2 - g + 1. What is the remainder when s(5) is divided by t/5 + 18/45?
14
Suppose 0 = -7*g + 6*g + 52. Calculate the remainder when g is divided by 18.
16
Let l(m) = -2*m. Let h(q) = -4*q + 1. Let p(b) = -2*h(b) + 5*l(b). Let d be p(5). Let n = d + 23. What is the remainder when n is divided by 3?
2
Suppose 120 = 6*p - 3*p. Let q = 10 - -4. Calculate the remainder when p is divided by q.
12
Suppose -2*u = -23*u + 1197. What is the remainder when u is divided by 6?
3
Calculate the remainder when 32 is divided by (168/16)/(6/4).
4
Let y = 55 + -21. Suppose 2*b + 5*p - 34 = 0, -p + 1 + 13 = b. What is the remainder when y is divided by b?
10
Let q = 94 - 60. Let x(j) = -j + 18. What is the remainder when q is divided by x(8)?
4
Let k(z) = -8*z + 8. Let l be k(-6). Suppose -2*w + 28 = b, 4*w = 4*b - 2*b + l. Suppose 0 = 2*n + 5 - 59. What is the remainder when n is divided by w?
13
Let g(u) = -8*u**3 + u. Let y be g(1). Let h = -4 + y. Let d = -8 - h. Calculate the remainder when 7 is divided by d.
1
Suppose 5*h - 50 = -2*g, 5*h + 24 = g + 74. Let f = -5 + h. What is the remainder when 13 is divided by f?
3
Calculate the remainder when 65 is divided by 1*5/((-10)/(-34)).
14
Let n(y) = y + 6. Let h be n(-3). Suppose 4*a = 6*k - h*k + 181, -2*a + 95 = -3*k. Calculate the remainder when a is divided by 15.
13
Let w = -1 + 1. Suppose 4*i = 40 - w. Calculate the remainder when i is divided by 13 + -6 - (2 - 1).
4
Let f = 5 - 3. What is the remainder when 10 is divided by (3/f)/(3/6)?
1
Let h be (-5 + 6)*(2 - 1). Suppose 2*z - 11 = h. Suppose 0 = -4*u, 0*o - 2*u - 20 = -2*o. What is the remainder when o is divided by z?
4
Let w(n) = -2*n - 1. Let d(h) = 2*h - 6. What is the remainder when w(-12) is divided by d(7)?
7
Let d(j) = -8*j - 6. Let n be (8/10)/(3/(-15)). Calculate the remainder when d(n) is divided by 9.
8
Let g(o) = o + 10. Let a be g(-5). Suppose -a*c + 2*c - 63 = 0. Let h = c + 32. Calculate the remainder when h is divided by 6.
5
Suppose -4*j + 27 = -21. Let k = 8 + -3. Calculate the remainder when j is divided by k.
2
Let c = 42 + -28. What is the remainder when 25 is divided by c?
11
Let x(q) = -q**2 + 7*q + 13. Suppose -5*s + 2*g = -105, -3*g + 67 = 4*s - 8*g. Calculate the remainder when s is divided by x(7).
10
Let q = -14 + 84. Calculate the remainder when q is divided by 18.
16
What is the remainder when 43 - 0/(3/3 - 2) is divided by 15?
13
What is the remainder when (-4)/(-10) - 2907/(-45) is divided by 22?
21
Let l = 112 - 67. Let f = -36 + 66. Let b = l - f. Calculate the remainder when 28 is divided by b.
13
What is the remainder when 78 is divided by (16/10)/(20/500)?
38
Suppose 3*k + 2*o - 27 = 0, 56 = 6*k - 2*k - 4*o. What is the remainder when 30 is divided by k?
8
Let h(p) = 2*p**2 + 9*p + 5. Calculate the remainder when h(-7) is divided by 6.
4
Let d = -14 - -22. Suppose 0 = -3*q + d*q - 255. Suppose 2*m + v = 6*m - 40, -5*m = -v - q. What is the remainder when 31 is divided by m?
9
Let v = -1 - -6. Suppose -3*r - 4*r + 119 = 0. What is the remainder when r is divided by v?
2
Suppose 4*b + 20 = -0*h - h, h - 2*b = 10. Let t(d) = d**2 + 8. Calculate the remainder when 29 is divided by t(h).
5
Suppose -5*g + 4*j + 19 = 0, -2*g - 2*j = -5 + 1. Let r be 3 - g - 2/(-1). Suppose r + 8 = x. Calculate the remainder when 38 is divided by x.
8
Let g = 14 - 14. Suppose -2*x = 5*j - g*x - 35, 35 = 5*j + 3*x. Calculate the remainder when 12 is divided by j.
5
Let q = 72 + -37. Calculate the remainder when q is divided by 10.
5
Suppose 0 = o + 3*f - 20, -3*o + f - 3*f + 88 = 0. Let t be 1*(-6)/4*2. Let q(z) = 3*z**2 + 2*z - 4. What is the remainder when o is divided by q(t)?
15
Let y = -94 - -142. Calculate the remainder when 236 is divided by y.
44
Let j = 25 - 6. Suppose 2*u - 132 = -4*m, 4*u + 0*u + m = 229. What is the remainder when u is divided by j?
18
Let r(w) = 7*w + 2*w**2 + 9 - 3*w**2 - w. Let k be r(7). Suppose -k*v + v - 2 = 0, 5*y + 2*v - 16 = 0. What is the remainder when 5 is divided by y?
1
Suppose 4 = -r - 3*v, -4*v + 0*v - 32 = -2*r. What is the remainder when 29 is divided by r?
5
Let q = 51 + -34. What is the remainder when q is divided by 10?
7
Let a be (-176)/(-10) + (-4)/(-10). Let v be -11*a*10/(-6). Suppose -5*i + 300 = -5*s, 6*i + s = i + v. What is the remainder when i is divided by 22?
21
Let z(p) = -4*p - 4. What is the remainder when z(-10) is divided by 19?
17
Suppose 2*s = -3*b + 66 - 21, 3*b + 5*s - 36 = 0. Suppose 4*z + 40 = 4*a, 6*a - z - 30 = 3*a. Calculate the remainder when b is divided by a.
7
What is the remainder when 69 is divided by 27/(-6)*(5 - 7)?
6
What is the remainder when (-20)/(-2*1/1) is divided by 7?
3
Let n(k) = -k**2 + k + 18. Calculate the remainder when 68 is divided by n(0).
14
Suppose 920 = 4*h - 4*j, h - 5*j = 4*h - 674. Suppose h = 5*d - 3*c, 3*d + c = -66 + 200. Calculate the remainder when d is divided by 12.
9
Let f(r) = 9*r**2 + 1. Calculate the remainder when 19 is divided by f(-1).
9
Let b = 5 + -2. Calculate the remainder when 30 is divided by 51/(b + 0) + -1.
14
Let l(j) = -7*j + 1. Suppose -5*p + 516 = -p. Suppose -q = -4*q + p. What is the remainder when q is divided by l(-2)?
13
Let i(b) = 2*b**2 - 6*b + 8. What is the remainder when i(6) is divided by 15?
14
Suppose i - 15 = -0*i. Calculate the remainder when i is divided by 8.
7
Let t be (148/(-6))/((-2)/18). Let d = t - 159. What is the remainder when d is divided by 16?
15
Suppose -3*m + 218 = m - 2*z, -z = 4*m - 215. Calculate the remainder when m is divided by 11.
10
Let q(f) = -f**2 + 0*f**2 - 7*f + 2*f**2 + 6. What is the remainder when 25 is divided by q(8)?
11
Let d = -46 + 88. Calculate the remainder when 164 is divided by d.
38
Let s(g) = g**3 - 2*g**2 + 2*g - 1. Let o(w) = w**3 + 4*w**2 - w + 1. Calculate the remainder when s(3) is divided by o(-4).
4
Calculate the remainder when 28/(-28)*(-4 - (1 - -1)) is divided by 3.
0
Suppose -5*d = 4*b - 47 - 86, 5*d - 25 = 0. Suppose -3*y = -9 - b. Calculate the remainder when 22 is divided by y.
10
Let a(y) = 3*y**2 + 2*y + 1. Let x = -10 + 53. Calculate the remainder when x is divided by a(-3).
21
Suppose 0 = -5*n + 4*k - 2 - 34, 0 = -n + 4*k - 20. Let h = n - -7. Suppose -35 - 25 = -h*s. Calculate the remainder when s is divided by 11.
9
Let s(a) = 16 + a - 9 + 1. Let i be s(-8). Suppose m - 4 - 5 = i. Calculate the remainder when m is div